 + 52 = 2*b - 70. What is the remainder when q is divided by 29?
27
Let v be 46/5 + (-4)/60*3. Suppose v = -6*i + 57. Calculate the remainder when i is divided by 1.
0
Let m(u) = -u**2 - 10*u + 3. Let j be m(-4). Suppose -j*d = -24*d - 177. What is the remainder when d is divided by 12?
11
Suppose -4*i = 3*i - 0*i. Suppose i*x - 552 = -8*x. Calculate the remainder when 40 is divided by x/9 - (1 - (-2)/(-6)).
5
Let t(h) = -2*h**2 + h - 6. Let c be t(3). What is the remainder when 247 is divided by (-42 - c)/(((-10)/6)/5)?
58
Suppose 2*n = 6*n - 80. Let l be (-2 - (-12)/3) + -56. Let r = -46 - l. What is the remainder when n is divided by r?
4
Suppose 85*n - 84*n = 5*r - 3170, 5*r + 4*n = 3145. What is the remainder when r is divided by 23?
12
Suppose 78*u + 1498 = 3528 + 9826. What is the remainder when u is divided by 19?
0
Suppose -41*m + 4391 = -3153. What is the remainder when 585 is divided by m?
33
Let q(y) be the third derivative of -y**5/12 - y**4/24 + y**3/6 + 14*y**2. Let t be q(1). What is the remainder when 67 is divided by (-4)/5 + (-124)/t?
19
Let p = 367 - 248. Suppose p = r + 100. What is the remainder when r is divided by 13?
6
Suppose -6*u = -2*u - 424. What is the remainder when u is divided by (-292)/1095*(-45)/2?
4
Let x be (-3 - (-5)/2)/((-4)/440). What is the remainder when (132/x)/((-4)/(-250)) is divided by 52?
46
Let m(p) = -18*p - 132. What is the remainder when m(-16) is divided by 5?
1
Let m(w) = w**2 - 5*w - 24. Let d be m(10). What is the remainder when 145 is divided by 782/d - 26/338?
25
Let v = 1251 + -1157. Calculate the remainder when 482 is divided by v.
12
Suppose -m + 48 = 7*m. Suppose m*h = 20*h - 1204. Suppose 6*n = 7*n - 29. Calculate the remainder when h is divided by n.
28
Suppose 4*w + o = 59, -4*w = 3*o - 0*o - 65. Calculate the remainder when 80 is divided by (w/10)/((-12)/(-60)).
3
Let x = 2965 - 2938. What is the remainder when 405 is divided by x?
0
Let m = -3529 - -4120. What is the remainder when m is divided by 33?
30
Suppose w + 22 = -3*l, -6*l = -7*l + w - 10. Let q(j) = -j**2 - 36*j - 68. Calculate the remainder when q(l) is divided by 29.
11
Calculate the remainder when 8130 is divided by (-13 + (-504)/(-35))*35.
45
What is the remainder when 312 is divided by (747981/(-189))/(-13) + 6/(-14)?
8
Suppose -i + h = 4*i - 2645, -i + 523 = h. Suppose -2*f + i = 456. Calculate the remainder when f is divided by 25.
11
Let m(r) = -8*r - 111. Let n(c) = -2*c. Let z(j) = m(j) - 2*n(j). What is the remainder when 194 is divided by z(-36)?
29
What is the remainder when (63/21)/((-4799)/(-21474) + (-16)/72) is divided by 793?
7
Suppose -i + 77 - 47 = 0. Calculate the remainder when 108 + -2 - (16 - 26) is divided by i.
26
Calculate the remainder when 165055/440 + (-2)/16 is divided by 97.
84
Let a = -3374 - -3393. Suppose -w = w - 144. Calculate the remainder when w is divided by a.
15
Let k(n) = n**3 + 16*n**2 - 31*n - 599. What is the remainder when k(-12) is divided by 10?
9
Suppose -2*v + 49 = -77. Let y(f) = -2*f**3 - 9*f**2 - 5*f - 10. Let c be y(-4). Let x = 12 + c. What is the remainder when v is divided by x?
3
Suppose -15*i = -19*i + b - 15, -5*b - 35 = 2*i. What is the remainder when (1 - -2)*21*i/(-15) is divided by 2?
1
Suppose 5*r = 53 + 187. Let h(z) = 62916*z - 439598. What is the remainder when h(7) is divided by r?
46
Let j = 826354 - 826246. Suppose 33 = -2*a + 3*a. What is the remainder when j is divided by a?
9
Let n(t) = t**2 + t. Let l be n(0). Suppose 1361*x - 1394*x + 4455 = 0. Suppose y + 24 - x = l. What is the remainder when y is divided by 23?
19
Let q = -18623 - -18687. What is the remainder when 85 is divided by q?
21
Let y be (0 + -62)*(-3 - 18/(-12)). Suppose y*t = 88*t + 50. Suppose -t*q + 8 + 142 = 0. Calculate the remainder when 27 is divided by q.
12
Let z(g) = -g - 1. Suppose 101 - 681 = -4*u - 4*s, 2*u + 5*s - 329 = 0. What is the remainder when u is divided by z(-5)?
0
Let q(o) = o**3 - 7*o**2 - 14*o + 31. Let p be q(9). Let z = p + -63. Suppose -z*w - 22 = -2, 44 = f - 5*w. Calculate the remainder when f is divided by 10.
9
Suppose 615 + 89 = 15*b - 901. What is the remainder when 1612 is divided by b?
7
Suppose -3*m = -2*w + 16, -2*w + 45 - 59 = 2*m. Calculate the remainder when 75 is divided by 105/6 - (-1)/((-4)/m).
18
Let n(t) = -46*t**3 - 2*t**2. Let h be n(-3). Suppose 0 = -17*i + 21*i - h. Suppose y - i = -2*y. Calculate the remainder when y is divided by 35.
32
Let a(l) be the first derivative of -11*l**2/2 + 10*l - 32. Let d be a(6). Let y = -23 - d. Calculate the remainder when 98 is divided by y.
32
Let x(l) = -3*l**2 - 92*l - 55. Let y be x(-30). Suppose 3*n + 565 = y*q + 6*n, -25 = 5*n. What is the remainder when q is divided by 7?
4
Let o = -4097 - -4252. What is the remainder when 791 is divided by o?
16
Let g(w) = 4*w**3 + w**2 - 8*w + 24. What is the remainder when 139 is divided by g(3)?
22
Suppose 0 = -8*j - 5*i + 172, 3*j + 5*i - 65 = 3*i. Calculate the remainder when 2346 is divided by j.
9
What is the remainder when (((-5)/(-15))/((-4)/(-60)))/((-1)/(-10)) is divided by 15?
5
Suppose 20 = -3*w + 4*w. Let p be 964/w - 3/15. Calculate the remainder when (-16)/p + 160/3 is divided by 14.
11
Let k = 17 + -10. Suppose -11 - k = -2*s. Let b(i) = 9*i - 15. Calculate the remainder when b(4) is divided by s.
3
Let h = 171 + -168. Let i(f) = f**2 + 6*f + 2. Let v be i(-6). Suppose -k = 5*w - 39, 5*w - 4*k = v*w + 5. Calculate the remainder when w is divided by h.
1
Let i(z) = z**3 + 10*z**2 + 10*z + 13. Let o be i(-9). Suppose -4 = o*h - 0, -80 = -3*v + 5*h. What is the remainder when 247 is divided by v?
22
Let n = -1553 - -1577. Calculate the remainder when n is divided by 15.
9
Let b = -12574 - -12586. Suppose -2*m = -2*z - 16, -5*m - 5*z + 3 = -7. Calculate the remainder when b is divided by m.
2
Suppose 125 = 3*p + 5*g, 145 = 10*p - 7*p - 5*g. What is the remainder when 81 is divided by p?
36
Let p = -18795 - -18962. Calculate the remainder when p is divided by 147.
20
Let h(f) = -22*f**2 - 3*f + 3. Let g be h(2). Let z(t) = 21*t + 396. Let d be z(-23). Let r = d - g. What is the remainder when 10 is divided by r?
2
Calculate the remainder when 30 is divided by (-30)/8*(-56)/42.
0
Suppose -785 = -5*p + 2*t, -4*t + 968 = 988. What is the remainder when p is divided by 93?
62
Suppose 0 = -5*g - 5*r + 30, -36 = -3*g - r - 20. Suppose 0 = b + 2*q - 68 - 16, g*b - 3*q - 420 = 0. Calculate the remainder when b is divided by 22.
18
Let n(x) = x**3 + 14*x**2 - x + 2. Let f = -4 + -10. Let k be n(f). Let h = k + 12. Calculate the remainder when 110 is divided by h.
26
Let g(b) = b**3 - 3*b**2 - 9*b + 1. Let w = -105 + 98. Let z(t) = -31*t - 56. What is the remainder when z(w) is divided by g(6)?
51
Suppose 0 = 22*n - 4*n - 3240. Let a = -196 - -81. Let q = n + a. What is the remainder when q is divided by 23?
19
Let h = 30485 + -22363. Calculate the remainder when h is divided by 11.
4
Let i(w) = -w**3 + 20*w**2 + 137*w + 99. What is the remainder when i(24) is divided by 30?
3
Let a = 5471 - 5437. Let s = 29 - 15. What is the remainder when a is divided by s?
6
Suppose -62 = -5*b - v, -148 + 141 = -v. What is the remainder when 345 is divided by b?
4
Let m = 17552 - 17226. What is the remainder when m is divided by 86?
68
Let y(o) = 2*o**3 + 31*o**2 - 17*o - 15. Let q be y(-16). Let s(t) = 73*t**2 - 3*t + 6. What is the remainder when 151 is divided by s(q)?
75
Suppose 57*v - 58245 = -14583. What is the remainder when v is divided by 154?
150
Suppose 0 = -2*r + b + 79, 4*r - 5*b - 56 - 117 = 0. Suppose 10*u - 9*u - r = 0. What is the remainder when u is divided by 8?
5
Let h be 62/(-3)*3/2. Let y = h + 90. Suppose 11*f - 6*f = 100. Calculate the remainder when y is divided by f.
19
Let u = -551 - -934. Let x(t) = 5699*t - 96806. What is the remainder when u is divided by x(17)?
75
Let g(n) = n - 5. Let l be g(10). Calculate the remainder when 11 is divided by 15/(-10)*2 + l.
1
Let n(k) = 3*k**2 + 3*k + 8. Let z = -1569 - -1590. What is the remainder when n(5) is divided by z?
14
Let o = 0 - -88. Let p = 518 - o. Suppose -21*f = -16*f - p. Calculate the remainder when f is divided by 18.
14
Suppose 44 = 8*w - 44. Suppose -2*d + 1 = -w. What is the 